hat is the remainder when 1006233 is divided by 297?
294
What is the remainder when 48945 is divided by 55?
50
What is the remainder when 209455 is divided by 97?
32
What is the remainder when 290265 is divided by 12?
9
Calculate the remainder when 137037 is divided by 8.
5
Calculate the remainder when 7865 is divided by 7865.
0
Calculate the remainder when 87425 is divided by 4601.
6
Calculate the remainder when 259 is divided by 10.
9
Calculate the remainder when 3375 is divided by 188.
179
Calculate the remainder when 3803 is divided by 461.
115
What is the remainder when 3275 is divided by 1266?
743
Calculate the remainder when 3469059 is divided by 142.
141
What is the remainder when 12715930 is divided by 51?
49
What is the remainder when 22815 is divided by 70?
65
Calculate the remainder when 29398 is divided by 35.
33
What is the remainder when 3334 is divided by 346?
220
Calculate the remainder when 2604 is divided by 481.
199
Calculate the remainder when 390862 is divided by 163.
151
What is the remainder when 1270 is divided by 364?
178
Calculate the remainder when 16581 is divided by 178.
27
What is the remainder when 1287 is divided by 322?
321
What is the remainder when 98499 is divided by 1857?
78
What is the remainder when 32852 is divided by 658?
610
Calculate the remainder when 130221 is divided by 171.
90
Calculate the remainder when 43631 is divided by 14541.
8
Calculate the remainder when 1726 is divided by 98.
60
What is the remainder when 30800 is divided by 654?
62
What is the remainder when 1805 is divided by 251?
48
Calculate the remainder when 347643 is divided by 19.
0
Calculate the remainder when 124774 is divided by 179.
11
What is the remainder when 2758 is divided by 935?
888
Calculate the remainder when 43330 is divided by 3167.
2159
What is the remainder when 10666 is divided by 84?
82
Calculate the remainder when 10496 is divided by 719.
430
What is the remainder when 94534 is divided by 12?
10
Calculate the remainder when 13851 is divided by 11.
2
What is the remainder when 1197 is divided by 16?
13
Calculate the remainder when 72786 is divided by 743.
715
Calculate the remainder when 264 is divided by 10.
4
What is the remainder when 2276 is divided by 1134?
8
What is the remainder when 58721 is divided by 813?
185
What is the remainder when 5570 is divided by 194?
138
Calculate the remainder when 35568 is divided by 66.
60
What is the remainder when 50770 is divided by 273?
265
What is the remainder when 1888377 is divided by 1345?
1342
What is the remainder when 2206 is divided by 20?
6
What is the remainder when 8099 is divided by 172?
15
What is the remainder when 5730 is divided by 5566?
164
What is the remainder when 164242 is divided by 7819?
43
Calculate the remainder when 6256 is divided by 126.
82
What is the remainder when 4343 is divided by 14?
3
What is the remainder when 31100 is divided by 43?
11
Calculate the remainder when 24344 is divided by 6078.
32
What is the remainder when 173701 is divided by 8?
5
What is the remainder when 166408 is divided by 30?
28
Calculate the remainder when 2656 is divided by 229.
137
What is the remainder when 515 is divided by 128?
3
Calculate the remainder when 4862748 is divided by 13.
7
Calculate the remainder when 12431 is divided by 363.
89
What is the remainder when 3344 is divided by 241?
211
Calculate the remainder when 5469047 is divided by 52.
51
What is the remainder when 36608 is divided by 36?
32
Calculate the remainder when 720277 is divided by 111.
109
Calculate the remainder when 170935 is divided by 185.
180
What is the remainder when 349428 is divided by 422?
12
What is the remainder when 500255 is divided by 289?
285
Calculate the remainder when 776 is divided by 396.
380
What is the remainder when 7997 is divided by 91?
80
What is the remainder when 2865 is divided by 667?
197
What is the remainder when 1499 is divided by 63?
50
What is the remainder when 188898 is divided by 39?
21
Calculate the remainder when 9877 is divided by 162.
157
Calculate the remainder when 2306 is divided by 2293.
13
Calculate the remainder when 2302 is divided by 192.
190
Calculate the remainder when 12743 is divided by 636.
23
What is the remainder when 6265 is divided by 266?
147
What is the remainder when 2265885 is divided by 13?
11
Calculate the remainder when 566408 is divided by 66.
62
What is the remainder when 2759709 is divided by 53?
52
Calculate the remainder when 15155 is divided by 536.
147
What is the remainder when 204063 is divided by 317?
232
What is the remainder when 46384 is divided by 96?
16
What is the remainder when 65906 is divided by 1458?
296
What is the remainder when 1749 is divided by 123?
27
Calculate the remainder when 17076 is divided by 16955.
121
What is the remainder when 2056 is divided by 98?
96
What is the remainder when 18878 is divided by 2696?
6
Calculate the remainder when 3166477 is divided by 818.
817
Calculate the remainder when 83500 is divided by 1228.
1224
Calculate the remainder when 27713 is divided by 2164.
1745
What is the remainder when 757932 is divided by 108275?
7
What is the remainder when 1434 is divided by 10?
4
What is the remainder when 3183 is divided by 538?
493
Calculate the remainder when 22388 is divided by 106.
22
What is the remainder when 257501 is divided by 16?
13
What is the remainder when 13471 is divided by 1039?
1003
Calculate the remainder when 45069 is divided by 256.
13
Calculate the remainder when 292549 is divided by 297.
4
Calculate the remainder when 223956 is divided by 509.
505
Calculate the remainder when 591420 is divided by 43.
41
What is the remainder when 5058 is divided by 1064?
802
Calculate the remainder when 4118 is divided by 21.
2
What is the remainder when 1510 is divided by 752?
6
Calculate the remainder when 2643 is divided by 168.
123
Calculate the remainder when 5795 is divided by 6.
5
Calculate the remainder when 1032480 is divided by 6453.
0
Calculate the remainder when 285746 is divided by 4.
2
What is the remainder when 198482 is divided by 535?
532
Calculate the remainder when 18146 is divided by 9066.
14
What is the remainder when 2751 is divided by 454?
27
Calculate the remainder when 31661 is divided by 6329.
16
Calculate the remainder when 268 is divided by 87.
7
Calculate the remainder when 52212 is divided by 17404.
0
What is the remainder when 25749 is divided by 206?
205
What is the remainder when 39195 is divided by 160?
155
What is the remainder when 11933 is divided by 497?
5
What is the remainder when 75751 is divided by 3?
1
Calculate the remainder when 7386 is divided by 1756.
362
What is the remainder when 108483 is divided by 36107?
162
What is the remainder when 609118 is divided by 846?
844
Calculate the remainder when 700537 is divided by 31.
30
What is the remainder when 2593 is divided by 861?
10
Calculate the remainder when 192088 is divided by 10.
8
Calculate the remainder when 1195 is divided by 366.
97
What is the remainder when 2298 is divided by 256?
250
What is the remainder when 692661 is divided by 228?
225
What is the remainder when 3529 is divided by 110?
9
What is the remainder when 22322 is divided by 19?
16
Calculate the remainder when 1946 is divided by 607.
125
What is the remainder when 3798 is divided by 401?
189
What is the remainder when 53305 is divided by 620?
605
What is the remainder when 1769 is divided by 629?
511
What is the remainder when 34265 is divided by 11415?
20
What is the remainder when 3223 is divided by 220?
143
Calculate the remainder when 213840 is divided by 11254.
14
Calculate the remainder when 163 is divided by 108.
55
Calculate the remainder when 155350 is divided by 498.
472
What is the remainder when 1394 is divided by 247?
159
What is the remainder when 4136 is divided by 1751?
634
What is the remainder when 1818 is divided by 387?
270
What is the remainder when 4742 is divided by 635?
297
What is the remainder when 2424 is divided by 85?
44
What is the remainder when 20519 is divided by 456?
455
What is the remainder when 28352 is divided by 374?
302
Calculate the remainder when 80182 is divided by 10022.
6
What is the remainder when 312662 is divided by 104220?
2
What is the remainde